) be the first derivative of a**3/3 - a**2 + a - 2. Let g be p(1). What are the prime factors of x(g)?
5
Let j(f) = -7*f. Suppose -5*r = 4*b - 30, 2*b = r + 2*r + 4. Suppose -r*i - 2 = -0*i. List the prime factors of j(i).
7
Let s be -3 + 0 - (-355 + (1 - 4)). Suppose -235 = -2*z + 5*h, 5*h = -2*z + 5*z - s. List the prime factors of z.
2, 3, 5
Suppose -j + 4 = -5*j. Let h be 14 + j + (-4 - -3). Let g = 13 + h. What are the prime factors of g?
5
Let j = 9 - 6. Suppose 1 = -4*h - 5*b, -3*h + b = -b - 28. List the prime factors of 82/j - 2/h.
3
List the prime factors of ((-25)/20)/((-2)/2824).
5, 353
Let z be ((-12)/15)/(-1)*275 - 2. Suppose p + f = z, -4 = f - 0. What are the prime factors of p?
2, 3, 37
Let i(d) = -d**3 + 7*d**2 - 10*d + 21. Let g be i(7). Suppose 5*t = -j + 85, -4*j - j + t + 347 = 0. Let v = g + j. List the prime factors of v.
3, 7
Let a(p) = p**2 - p - 2. Let l be a(0). List the prime factors of 4/(-1) - 98/l.
3, 5
Let d = 30 - 35. List the prime factors of d - -60 - (0 + 0).
5, 11
Let b = -1 - 0. Let k = b + 21. Suppose -2*d + d = x - 26, 4*x - k = 0. List the prime factors of d.
3, 7
Let z(p) = -3*p**3 - 9*p**2 + 4*p + 10. Suppose 30 = -6*x + 6. What are the prime factors of z(x)?
2, 3, 7
Suppose -3*u + 2*s = -1153, -2*u = -u + s - 386. Suppose 6*w = w + u. What are the prime factors of w?
7, 11
Let f = 11165 - 7912. What are the prime factors of f?
3253
Let b be (-15)/(-2) + (-15)/10. Suppose b*q + h - 683 = q, 0 = 4*h - 12. List the prime factors of q.
2, 17
Suppose -2*b + 491 = -0*b + t, -b = 4*t - 263. List the prime factors of b.
3
Suppose -3*k + 0*k = -903. Let b = k - 212. List the prime factors of b.
89
Let j(l) = l**2 - 4*l - 7. Suppose -7 = -5*f + 23. Let c be j(f). Let x = c - -8. List the prime factors of x.
13
Suppose -5*p + 118 = -192. Let q = p + -44. Let k = 46 - q. What are the prime factors of k?
2, 7
Let n be (2/(-4))/(1/(-368)). Let p = 282 - n. What are the prime factors of p?
2, 7
Let m(o) = -5*o**2 + 2*o + 2. Let k(d) = d**2 - d - 1. Let p(j) = k(j) + m(j). Let b be p(-1). What are the prime factors of 56/3 - b/(-6)?
2, 3
Suppose z = 2*z + 4, -2*z = -2*y + 12. Suppose -d + 21 = 5*g, 0 = -y*d + 5*d - 3. Suppose -g*a + 110 = a. List the prime factors of a.
2, 11
Let v(l) = 7*l**2 - 49*l - 105. What are the prime factors of v(-20)?
3, 5, 7
Suppose -p + 0 = -2. Suppose -3*c - 34 = -4*t - 111, 0 = -p*t - 5*c - 19. Let b = t - -21. What are the prime factors of b?
2
Suppose 3*h - 3*d = -36, 0*d - 51 = 5*h - 2*d. Let u = -15 - h. What are the prime factors of (u/(-10))/(3/75)?
3, 5
Let i be ((-26)/(-117))/(2/18). Suppose k + 40 = i*k. List the prime factors of k.
2, 5
Let p(h) = 0*h**3 + 2*h**3 - 3*h**3 - 12*h**2 + 12*h + 18. Suppose 0 = y + 51 - 38. What are the prime factors of p(y)?
31
Let t = 6 - 18. Let f be (-210)/t*(-4)/(-5). Suppose -3*i - h = -i - f, 2*h = 0. What are the prime factors of i?
7
Suppose -6*w + w + j + 118 = 0, 4*w - 86 = 5*j. Let o = 68 - 68. Let c = o + w. What are the prime factors of c?
2, 3
Suppose 2078 = -9*s + 8882. What are the prime factors of s?
2, 3, 7
Let f = -10 + 5. Let s(u) = -u**2 - 4*u + 5. Let q be s(f). Suppose -5*v + q*v + 105 = 0. What are the prime factors of v?
3, 7
Let h(w) = w**2 - w + 4. Let z be h(0). Suppose -n - 78 = -z*j, j = -n + 10 + 12. Suppose j = 2*o - 18. What are the prime factors of o?
19
Let b = -28 + 33. Suppose -b*o = -o - 456. List the prime factors of o.
2, 3, 19
Let g(f) = 25*f**2 + 8. Let b be g(-4). Suppose -w + 7*w = -b. Let m = -34 - w. List the prime factors of m.
2, 17
Let n = -135 - -274. What are the prime factors of n - 2*1/2?
2, 3, 23
Suppose -5*z - 3*k = -1053 - 1367, -1452 = -3*z - 3*k. What are the prime factors of z?
2, 11
Let c be -2 + 1 + 3 - 9/(-3). Suppose 3*s + 72 = n, 0 = n + 2*n - c*s - 232. What are the prime factors of n?
2, 3, 7
Suppose -236 = -5*n + n. Let h = -41 + n. Suppose -h*b + 19*b = 20. List the prime factors of b.
2, 5
Suppose 40*f = 16*f + 22752. List the prime factors of f.
2, 3, 79
Suppose 3*z - 12 = -0*z. Suppose -3*y = 3, 210 = -2*x + z*x - 2*y. What are the prime factors of x?
2, 13
Suppose -2*a + b + 22639 = 2*a, a = 7*b + 5680. What are the prime factors of a?
5659
Suppose -f - 20 = h + 7, h = 3*f + 77. Let u(d) = d**3 + 7*d**2 - 6*d + 7. Let w be u(-7). Let x = w + f. List the prime factors of x.
23
Let d(h) = h**3 + 5*h**2 + 5*h + 5. Let o be d(-4). What are the prime factors of ((-24)/60)/(o/(-115))?
2, 23
Let n = 14 + -11. Suppose -2*o = 22 - 98. Suppose 5*s = 2*y - o - 87, n*y = -2*s + 140. List the prime factors of y.
2, 5
Let r(c) = 2*c**2 + 4*c - 25. Let a be r(-9). Let t = a + -24. What are the prime factors of t?
7, 11
Let q(g) = -10*g + 2 - 10 - 1. What are the prime factors of q(-6)?
3, 17
Let t be ((-78)/(-6))/(3/6). Suppose -w = 2*w + 5*i - 47, 2*w + 2*i = t. What are the prime factors of w?
3
What are the prime factors of (-74555)/(-104) - (-1)/8 - -2?
719
Let o(k) = -2*k + 1. Let s be o(-2). Let i(m) = m**3 - 3*m**2 + 4*m - 6. Let f be i(s). Suppose -3*d = -f + 7. List the prime factors of d.
19
Let u be (95/10 + -3)/(2/16). Let y = u + 30. List the prime factors of y.
2, 41
Let n = -643 - -974. What are the prime factors of n?
331
Suppose 3*m + 3*q - 9 = q, -q = -m - 2. Let r(i) = 5*i**2 + i - 2. Let n be r(m). Suppose -n*o + 52 = -0*o. What are the prime factors of o?
13
Let l(v) be the third derivative of 47*v**4/12 - v**3/6 - 13*v**2. What are the prime factors of l(1)?
3, 31
Suppose -2*k + 640 = 2*f, -5*k + 9*k - 1250 = 2*f. List the prime factors of k.
3, 5, 7
List the prime factors of 511*(180/210)/((-2)/(-4)).
2, 3, 73
Let b(a) = 2*a**2 + 2*a + 3. Let t(i) = -i**3 - 6*i**2 - 5*i + 5. Let p be t(-3). List the prime factors of b(p).
3, 29
What are the prime factors of (115/(-2))/((-2)/20)?
5, 23
Suppose -4*x + 2*r + 293 + 495 = 0, x = r + 199. List the prime factors of x.
3, 5, 13
Suppose 39*q - 27810 = 2571. List the prime factors of q.
19, 41
Suppose 222*k + 17206 = 236*k. What are the prime factors of k?
1229
Suppose 4*g = 16 + 4. Suppose -g*y - 5*p = -y - 44, -68 = -4*y + p. List the prime factors of 654/y + 10/80.
41
Let k(s) = 5*s**3 + s**2 - 5*s + 9. What are the prime factors of k(4)?
5, 13
Let f(u) be the first derivative of u**3/3 - 5*u**2/2 - 10*u + 6. Let x be f(7). Suppose 2*w = -0 + x, -j + 5*w = -19. What are the prime factors of j?
29
Suppose -21*c + 20 = -22. Suppose 5*m = c*m - 12, 392 = 4*k + m. What are the prime factors of k?
3, 11
Suppose 3*k = -0*g + 2*g + 19, -5*g + 10 = 4*k. Suppose -k*u - 4*d - 137 = -6*u, 0 = -5*u - 5*d + 610. What are the prime factors of u?
5
Let k = -24 - -27. Suppose -k*x = -95 - 58. List the prime factors of x.
3, 17
Let w be -2*1 - (-8 - -6). Suppose 5*l + 0*l + 65 = w. List the prime factors of ((-26)/(-8))/(l/(-104)).
2, 13
Suppose -6*w + 56 = b - 4*w, 3*w = 12. Suppose -2*g + b = g - 3*r, 2*g = -2*r + 28. List the prime factors of g.
3, 5
Let f(r) = -2*r - 18*r**3 + 36 + 3*r + 27*r**2 + 17*r**3. What are the prime factors of f(27)?
3, 7
Let v = -25 - -27. Let r be -3 + 3 + (v - 2). Suppose -6*i + 2*i - 4*z + 52 = r, -30 = -5*i + 2*z. List the prime factors of i.
2
Suppose -23024 = 11*g - 19*g. What are the prime factors of g?
2, 1439
Let f be 220/(-99) - (-4)/18. Let x = f - -9. What are the prime factors of x?
7
Let k(w) = 6*w - 3*w + 3 + 4*w - w. Let z be ((-8)/3)/((-26)/39). List the prime factors of k(z).
3
Let p(b) = -b**2 + 22*b + 25*b**2 + 4*b**2 - 21 + 4*b**2 + b**3. List the prime factors of p(-31).
2, 3, 43
Let j(g) = g**2 - 3*g + 2. Let a be j(0). Suppose -a*t + 60 = 4. What are the prime factors of t?
2, 7
Let o(s) = s**2 - 21*s + 101. What are the prime factors of o(15)?
11
Let t be 3 - 46/(-3) - (-2)/(-6). Let z(w) = w + 55. What are the prime factors of z(t)?
73
Let t(g) be the second derivative of -43*g**3/6 - 5*g**2/2 + 30*g. List the prime factors of t(-2).
3
Let y(j) = j**2 + 10*j + 18. Let p be y(-8). Let o(l) = 9*l - 1. What are the prime factors of o(p)?
17
Let z be -2 + -6*12/(-9). Let d(o) = 2*o**2 - 8*o + 9. List the prime factors of d(z).
3, 11
Suppose -26 = -6*j + 4. Let l(a) = 17*a - 9. What are the prime factors of l(j)?
2, 19
Let h be (-8)/(-2) + 2 + -4. Suppose 4*d + 0*y - y - 14 = 0, -8 = 